{"id":83,"date":"2020-04-15T16:32:46","date_gmt":"2020-04-15T14:32:46","guid":{"rendered":"http:\/\/andyrepare.fr\/?page_id=83"},"modified":"2020-04-16T14:50:42","modified_gmt":"2020-04-16T12:50:42","slug":"recuperation-de-donnees","status":"publish","type":"page","link":"https:\/\/andyrepare.fr\/?page_id=83","title":{"rendered":"R\u00e9cup\u00e9ration de donn\u00e9es"},"content":{"rendered":"\n<p>Je peux effectuer le premier niveau de restitution<strong>\u00a0gr\u00e2ce \u00e0 des logiciels sp\u00e9cialis\u00e9s.<\/strong><br>Si vous avez effac\u00e9 des dossiers ou des fichiers par m\u00e9garde,\u00a0<strong>stoppez tout et contactez moi.<\/strong><\/p>\n\n\n\n<p>Suivez ces recommandations :<\/p>\n\n\n\n<ul><li>N\u2019installez pas de logiciel,<\/li><li>Ne continuez pas de travailler sur cet ordinateur,<\/li><li>Ne d\u00e9placez aucun fichier sur un autre PC,<\/li><li>N\u2019ajoutez pas de fichier sur votre machine.<\/li><\/ul>\n\n\n\n<p>Pour une r\u00e9cup\u00e9ration optimal, il est pr\u00e9f\u00e9rable que je r\u00e9cup\u00e8re physiquement la machine <\/p>\n\n\n\n<p>Pour que je puisse vous aider \u00e0 r\u00e9cup\u00e9rer vos donn\u00e9es, demander votre devis gratuitement.<\/p>\n","protected":false},"excerpt":{"rendered":"<p>Je peux effectuer le premier niveau de restitution\u00a0gr\u00e2ce \u00e0 des logiciels sp\u00e9cialis\u00e9s.Si vous avez effac\u00e9 des dossiers ou des fichiers par m\u00e9garde,\u00a0stoppez tout et contactez moi. Suivez ces recommandations : N\u2019installez pas de logiciel, Ne continuez pas de travailler sur cet ordinateur, Ne d\u00e9placez aucun fichier sur un autre PC, [&hellip;]<\/p>\n","protected":false},"author":1,"featured_media":0,"parent":0,"menu_order":0,"comment_status":"closed","ping_status":"closed","template":"","meta":{"_seopress_robots_primary_cat":"","_seopress_titles_title":"","_seopress_titles_desc":"","_seopress_robots_index":"","footnotes":""},"_links":{"self":[{"href":"https:\/\/andyrepare.fr\/index.php?rest_route=\/wp\/v2\/pages\/83"}],"collection":[{"href":"https:\/\/andyrepare.fr\/index.php?rest_route=\/wp\/v2\/pages"}],"about":[{"href":"https:\/\/andyrepare.fr\/index.php?rest_route=\/wp\/v2\/types\/page"}],"author":[{"embeddable":true,"href":"https:\/\/andyrepare.fr\/index.php?rest_route=\/wp\/v2\/users\/1"}],"replies":[{"embeddable":true,"href":"https:\/\/andyrepare.fr\/index.php?rest_route=%2Fwp%2Fv2%2Fcomments&post=83"}],"version-history":[{"count":0,"href":"https:\/\/andyrepare.fr\/index.php?rest_route=\/wp\/v2\/pages\/83\/revisions"}],"wp:attachment":[{"href":"https:\/\/andyrepare.fr\/index.php?rest_route=%2Fwp%2Fv2%2Fmedia&parent=83"}],"curies":[{"name":"wp","href":"https:\/\/api.w.org\/{rel}","templated":true}]}}